k) = c(k) + 5*i(k). Determine l(d).
2
Suppose -3*i = -2*q - 3*q - 415, 4*q + 354 = -2*i. Let a = q + 88. Let k(w) = -3*w**2 + 3*w - 1. Determine k(a).
-7
Let p be (-6)/(2 + 1 + -1). Let l be 3 + 2/1 + p. Suppose -5*r = -4*r - l, c - r - 1 = 0. Let k(j) = -j**3 + 2*j**2 + 3*j - 3. Give k(c).
-3
Suppose 0 = -3*u + 7*u + g + 113, -3*g = u + 42. Let k = -1 + 3. Let f be u/6 + 3/k. Let c(v) = 3*v - 2. Determine c(f).
-11
Let o(h) be the third derivative of h**4/24 - h**3/6 - 72*h**2. Let a(v) = -v**3 + 4*v**2 + 2. Let x be a(3). Let i = 5 - x. Calculate o(i).
-7
Let p(y) = -3*y - 5. Let x(b) = 2*b + 3. Let v(u) = 3*p(u) + 5*x(u). Suppose 60*l + 27 = 69*l. Calculate v(l).
3
Let q(s) = s**2 - s - 1. Suppose -5*l = 2*a + 13, 2*a = 8*l - 5*l + 11. Give q(l).
11
Let o(m) be the third derivative of 0 - 1/120*m**6 + 1/20*m**5 + 0*m**4 + 0*m + 8*m**2 + 0*m**3. Suppose -4*b = t + 13, 0*b - 2*b = 8. Give o(t).
0
Let m(o) = 6*o + 86. Let u be m(-14). Let v(j) = -16*j - 11. Let p(d) = -3*d - 2. Let r(g) = u*v(g) - 11*p(g). Determine r(-8).
-8
Let a(c) = 8 - c**2 - 6*c + 2*c**2 + 0*c**2. Let n be ((-3)/5)/(3/(-60)*2). Calculate a(n).
8
Suppose -5 = 9*f + 22. Let h(q) = 4*q**2 + 4*q + 4. Calculate h(f).
28
Let m(v) = -7*v**2 + 3*v + 1. Let f(p) = -10*p**2 + 5*p + 1. Let l(y) = -5*f(y) + 7*m(y). Suppose -2 = -3*h + h + 2*w, 0 = 2*h - 3*w. Give l(h).
-1
Let o(k) = 0*k**2 - k - 26*k**3 + 2*k**2 + 27*k**3. Let a = 77 + -79. Give o(a).
2
Let v(j) be the second derivative of -j**5/20 + 2*j**3/3 + j**2 - j - 205. Calculate v(-4).
50
Let k(h) be the second derivative of h**5/20 - h**4/2 - h**2 + 12*h. Let o be k(6). Let l(f) = f**2 - f + 1. What is l(o)?
7
Let p be (-9 - 1)/(-6 - -4). Suppose -12 = -2*a + p*a. Let r = a - -5. Let i(j) = -5*j - 1. Give i(r).
-6
Let q(d) = 4*d - 1. Let h(w) = -w**3 - 7*w**2 + 3*w - 14. Let r be h(-6). Let n be r/(-18) + (-18)/(-81). Give q(n).
15
Suppose -2 = 5*t + 5*g - 22, 0 = 3*t + 4*g - 13. Let m(y) = 2*y**2 + 4*y - 8. What is m(t)?
22
Suppose -18*x + 21*x + w = -18, -3*w = -9. Let b(p) = -7 - p + 0*p - p**3 + 7*p - 6*p**2. What is b(x)?
0
Let b be 6*(-3)/(-6) + 96/24. Let s(d) = d**3 - 7*d**2 - 3. What is s(b)?
-3
Suppose -m = 4*h - 3, 7*h + 3*m = 4*h. Suppose 56 = 5*c + h. Let t(y) = -y - 1. What is t(c)?
-12
Let m(v) = -v - 14. Let t = 51 + -39. Let z be 20/6 + (-4)/(-6). Suppose 3*c - t = 0, 0*d = 2*d + z*c - 16. Give m(d).
-14
Let z(q) be the first derivative of -q**4/4 + 4*q**3/3 - 5*q**2/2 + q + 47. What is z(4)?
-19
Let q(i) = -2*i - 18. Let d be q(-13). Suppose d - 12 = -2*s. Let k(a) = 0*a**s - 2*a**2 - 2*a**3 + a + 0*a**3. What is k(1)?
-3
Let t(j) = j + 7. Let q be 18/(-12)*(-4)/3. Suppose -4 = -q*n - 14. What is t(n)?
2
Let i(m) be the first derivative of m**4/4 - 7*m**3/3 + 5*m**2/2 + 8*m - 67. What is i(6)?
2
Let d(n) = 2*n**2 + 13*n - 2. Suppose -60 = 3*v + 7*v. Give d(v).
-8
Let u(f) = 9 + f - 2*f - 10 + 2 + 6. Determine u(6).
1
Let t(r) = r**2 + 8*r + 5. Let a = 29 - 24. Suppose m - 2*j = -1 + 4, -11 = -2*m + a*j. Calculate t(m).
-2
Let p(n) = -1413*n - 4 - n**2 + 1420*n - 4. Suppose -5*k + 7*k - 14 = 0. Calculate p(k).
-8
Suppose 6*l + 28 = 5*c, 4*c = 2*l - 4*l + 2. Let s(i) be the first derivative of -4 - 1/2*i**2 + c*i. What is s(5)?
-3
Let x(c) = 0*c**2 - c**3 - 1 + 4*c - 3*c - 4*c**2. Suppose -2 = n - 6. Suppose -5*o + n*p + 1 = 0, -p - 3*p = 16. Give x(o).
-13
Let z(u) be the first derivative of -u**4/4 - u**3/3 - 28*u + 169. Determine z(0).
-28
Let c(v) be the second derivative of -v**4/12 + 4*v**3/3 + 3*v**2 + 4*v + 4. Calculate c(7).
13
Let w(z) = -110*z**2 + 5*z + 0*z + 109*z**2 + z + 3. Let h(u) = 21*u - 78. Let d be h(4). Determine w(d).
3
Let c = 33 - 30. Let a(m) = 5*m**3 - 2*m**2 - 6*m - 7. Let p(z) = 6*z**3 - 2*z**2 - 7*z - 8. Let v(h) = 5*a(h) - 4*p(h). Give v(c).
0
Let h(m) = -39*m**2 - 10*m + 26. Let f(x) = -11*x**2 - 3*x + 8. Let i(d) = -7*f(d) + 2*h(d). What is i(5)?
-24
Let n = -70 - -75. Let g(w) = w**3 - 2*w**2 - w - 4. Let f be g(3). Let u(v) = -6*v**2 - f + v**3 + 6 + 0 + 5*v + 0. What is u(n)?
4
Suppose -5*h - 4 = 4*k - 6, -3*k = h + 4. Let z(f) = f + 2. What is z(k)?
0
Let g be ((-1)/(3/36))/(-2). Suppose -g + 4 = -s. Let p(u) = u - 2 + s + 5 - 4. Calculate p(-7).
-6
Let v(b) be the second derivative of 17*b**3/3 + 2*b + 240. Give v(-1).
-34
Let x(y) = y**2 - 2*y - 12. Let d = -1160 + 1164. Determine x(d).
-4
Let b(m) = -m**3 - 4*m**2 + m - 2. Let x(z) = -5*z**3 - 15*z**2 + 5*z - 8. Let n(i) = 9*b(i) - 2*x(i). Give n(5).
-32
Let y = -38 - -47. Let s be 3 - (87/y + 6/(-9)). Let x(a) = a**3 + 5*a**2 - 6*a + 5. Calculate x(s).
5
Let y be ((-20)/(-12))/((-7)/21). Let x(b) = -8 + 1 + 1 - 2*b. What is x(y)?
4
Let w(q) be the second derivative of q**4/12 - 2*q**3 + 9*q**2/2 - q. Let h(y) = -y**2 + y. Let c(g) = 2*h(g) + w(g). Determine c(-8).
25
Let z(f) = -f**3 - 2*f - 1. Let i be z(-1). Let u(r) = 4*r - 1 + 0*r + i*r - r**2 + 2*r. Give u(7).
6
Let n be -17 + 7 - 56/(-14). Let p(x) = x**3 + 4*x**2 - 7*x - 7. What is p(n)?
-37
Suppose 5*k = -5*j + 120, -j - 2*k = -4*j + 52. Suppose -130*q = -128*q - 32. Let f be (-156)/j - q/(-20). Let h(s) = -s**3 - 8*s**2 - 6*s + 1. What is h(f)?
-6
Let h(u) = 8*u - 155. Let k be h(19). Let y(d) = -6*d - 3. Determine y(k).
15
Suppose 26*x - 25*x = 37. Let o = x - 42. Let p(y) = -y**2 - 5*y. What is p(o)?
0
Let a(z) be the third derivative of z**6/120 + z**5/12 - z**4/4 + z**3/2 - 3*z**2 + 18. Determine a(-6).
3
Let d(m) = 5*m + 2. Suppose 329*v = 334*v - 5. Calculate d(v).
7
Let t(n) be the second derivative of 0*n**2 + 1/120*n**5 + 0 - 2/3*n**3 - 1/6*n**4 - n. Let g(j) be the second derivative of t(j). Give g(-3).
-7
Let q = -240 - -238. Let w(m) = m**3 - m + 3. Give w(q).
-3
Let g(w) = w + 6. Suppose 0 = 5*r + i - 2*i + 10, 5*r = -5*i - 40. Let m = r + -3. Let f be 1 + 6 + 6/m. What is g(f)?
12
Let j(s) = s + 4. Let y be j(-2). Let x(g) = -1. Let u(h) = h**3 - 3*h**2 - h - 7. Let z(q) = y*x(q) - u(q). Calculate z(4).
-7
Suppose -9 = 2*k - 19. Suppose 0 = k*o + 41 - 11. Let d(l) = -2*l - 3. Determine d(o).
9
Let h(o) = -o**3 - 10*o**2. Let d = 100 + -110. Calculate h(d).
0
Let n(a) = -a**3 - 4*a**2 + 6*a - 2. Let c be 0 + 10 + (-4 - -5). Suppose -q - c = 2*s, 6*s - 17 = 9*s + 2*q. Calculate n(s).
-7
Let r(d) = d**3 - 14*d**2 - 15*d + 5. Let v(o) = o**3 - 13*o**2 - 14*o + 4. Let y(n) = -6*r(n) + 7*v(n). Give y(8).
-2
Let a be (156/20 + -9)*(-5)/(-2). Let u(h) = h**2 + 3*h - 2. Determine u(a).
-2
Let m(v) = -3*v - 12. Let d be m(-5). Let g be d - ((-24)/(-4) - -2). Let x(o) be the third derivative of -o**5/60 - o**4/6 + o**3/6 + 9*o**2. Give x(g).
-4
Let a(p) be the first derivative of p**2/2 + p + 75. What is a(6)?
7
Suppose -4*p + 4*d - 8 = 0, 4*d - 2 - 4 = 5*p. Let u(i) = 2. Let o(z) = z + 0*z + 2*z - 2*z. Let x(r) = -2*o(r) + u(r). Give x(p).
-2
Let d(i) = i**3 - 17*i**2 - i + 13. Let z = 2221 - 2204. Determine d(z).
-4
Let h(l) = -l**2 - 6*l + 9. Let t(j) = 2*j + 32. Let r be t(-20). Determine h(r).
-7
Suppose 5*u - 2*u = 87. Let s = u - 27. Suppose 4*b + 20 = -4*v, 4*v + s = 5*b - 0. Let z(h) = -h**3 + 2*h - 1. Calculate z(b).
3
Let c(d) = -d**2 - 1. Suppose 0 = -4*r - 52 - 56. Let q = r - -29. What is c(q)?
-5
Let j(z) = z**3 + 10*z**2 + 4*z + 34. Let h be (-16)/6*(-420)/(-112). What is j(h)?
-6
Suppose 2*p - 33 = -5*t + p, 4*p - 20 = -4*t. Let k(x) = -4*x - 10. Give k(t).
-38
Let d(i) be the first derivative of -i**3/3 + 13*i**2/2 + 9*i - 197. Determine d(11).
31
Let a(w) be the second derivative of -w**5/20 - 2*w**4/3 - 5*w**3/6 - 3*w**2 - w + 15. Calculate a(-7).
-20
Let d(c) be the second derivative of -c**5/20 - c**4/2 + 5*c**3/6 + 5*c**2/2 - 2*c + 37. Determine d(-7).
19
Let b(m) be the first derivative of m**4/2 - 2*m**3/3 - 3*m**2/2 + 3*m + 295. Let w be (-4)/(-3)*3/2. What is b(w)?
5
Let s(t) be the first derivative of 3*t**2/2 - 2*t + 1. Let m = -39 + 42. Determine s(m).
7
Let r be ((-68)/(-10))/1 + 32/(-40). Let p(h) be the first derivative of h**2/2 - 7*h + 3. Determine p(r).
-1
Suppose -3*q = -25 + 7. Let s(m) be the third derivative of -1/12*m**5 + 0 - 4/3*m**3 + 40*m**2 + 1/120*m**6 + 0*m - 1/4*m**4. What is s(q)?
-8
Let w(k) be the third derivative of k**6/120 - k**5/4 + 13*k**4/24 + 134*k**2. What is w(14)?
-14
Suppose -52*o - 22 = 1